
What is the greatest common factor of 100 and 5500?
100
Calculate the greatest common divisor of 81 and 216.
27
What is the highest common factor of 5980 and 1820?
260
Calculate the highest common factor of 279 and 1426.
31
Calculate the highest common divisor of 10 and 43370.
10
What is the greatest common factor of 98 and 343?
49
What is the greatest common divisor of 4959 and 456?
57
Calculate the highest common factor of 880 and 1672.
88
Calculate the highest common factor of 5733 and 234.
117
What is the greatest common factor of 1632 and 680?
136
What is the highest common factor of 114 and 494?
38
What is the highest common factor of 301 and 645?
43
Calculate the greatest common divisor of 148 and 1591.
37
Calculate the highest common divisor of 4843 and 116.
29
What is the highest common factor of 88 and 24?
8
What is the highest common divisor of 45 and 70?
5
Calculate the greatest common divisor of 300 and 96.
12
What is the highest common divisor of 50 and 2290?
10
What is the greatest common divisor of 15900 and 954?
318
Calculate the highest common factor of 2960 and 576.
16
What is the highest common factor of 564 and 12549?
141
Calculate the highest common divisor of 22 and 25.
1
What is the highest common divisor of 84 and 34230?
42
Calculate the highest common factor of 10 and 1195.
5
What is the highest common divisor of 14844 and 12?
12
What is the greatest common factor of 14 and 791?
7
Calculate the highest common divisor of 18036 and 27.
27
Calculate the highest common divisor of 209 and 33.
11
What is the highest common factor of 12 and 1524?
12
Calculate the greatest common factor of 6 and 53.
1
Calculate the greatest common factor of 72 and 90.
18
What is the greatest common divisor of 2323 and 101?
101
What is the greatest common factor of 10 and 1070?
10
What is the greatest common factor of 25 and 35?
5
Calculate the greatest common divisor of 1296 and 54.
54
Calculate the highest common divisor of 49 and 49.
49
What is the highest common divisor of 1176 and 1848?
168
Calculate the highest common divisor of 22 and 122.
2
What is the greatest common divisor of 125 and 65?
5
Calculate the highest common divisor of 78 and 27222.
78
What is the highest common divisor of 2751 and 12183?
393
Calculate the highest common divisor of 193 and 99781.
193
Calculate the greatest common divisor of 53580 and 60.
60
Calculate the greatest common factor of 2499 and 98.
49
What is the greatest common divisor of 213 and 9?
3
What is the highest common factor of 27 and 21?
3
What is the highest common factor of 17 and 24?
1
Calculate the greatest common divisor of 6 and 129.
3
What is the highest common factor of 1792 and 28?
28
What is the greatest common factor of 3562 and 78?
26
Calculate the greatest common divisor of 480 and 15.
15
Calculate the highest common factor of 7 and 1393.
7
Calculate the greatest common divisor of 27 and 3501.
9
Calculate the highest common factor of 325 and 104.
13
What is the highest common divisor of 244 and 2013?
61
Calculate the highest common factor of 2367 and 9.
9
What is the highest common divisor of 1086 and 48?
6
Calculate the highest common divisor of 639 and 71.
71
Calculate the highest common divisor of 989 and 86.
43
Calculate the highest common divisor of 360 and 300.
60
What is the highest common factor of 581 and 182?
7
Calculate the highest common factor of 6470 and 80.
10
What is the greatest common divisor of 420 and 96?
12
Calculate the highest common divisor of 350 and 210.
70
Calculate the greatest common divisor of 445 and 89.
89
What is the highest common factor of 42 and 8862?
42
What is the greatest common factor of 19 and 2793?
19
What is the greatest common divisor of 176 and 110?
22
Calculate the highest common divisor of 137 and 17947.
137
What is the highest common divisor of 324 and 72?
36
Calculate the highest common divisor of 1809 and 108.
27
Calculate the highest common divisor of 2899 and 13.
13
What is the highest common divisor of 96 and 1152?
96
What is the greatest common divisor of 28407 and 153?
51
Calculate the greatest common divisor of 429 and 273.
39
Calculate the greatest common factor of 140 and 875.
35
What is the highest common factor of 33258 and 6?
6
What is the highest common factor of 7920 and 88?
88
Calculate the highest common factor of 494 and 76.
38
Calculate the greatest common divisor of 531 and 7257.
177
Calculate the greatest common divisor of 151 and 8305.
151
What is the highest common divisor of 84 and 12?
12
What is the greatest common divisor of 7513 and 11?
11
Calculate the greatest common factor of 1836 and 54.
54
What is the highest common factor of 1459 and 1?
1
Calculate the greatest common factor of 2565 and 190.
95
What is the greatest common factor of 252 and 4494?
42
What is the highest common factor of 312 and 1131?
39
What is the highest common factor of 53 and 2067?
53
What is the greatest common factor of 1265 and 165?
55
Calculate the highest common divisor of 15 and 3135.
15
Calculate the greatest common divisor of 38 and 1729.
19
What is the greatest common divisor of 962 and 518?
74
What is the greatest common factor of 198 and 22?
22
Calculate the greatest common divisor of 306 and 144.
18
What is the highest common factor of 297 and 66?
33
Calculate the greatest common factor of 2052 and 96.
12
What is the greatest common factor of 351 and 143?
13
Calculate the highest common factor of 65 and 52.
13
Calculate the greatest common factor of 156 and 1209.
39
Calculate the greatest common factor of 26 and 38818.
26
What is the greatest common divisor of 406 and 238?
14
Calculate the greatest common factor of 36 and 666.
18
What is the highest common factor of 962 and 806?
26
What is the highest common divisor of 110 and 66?
22
Calculate the highest common divisor of 165 and 30.
15
Calculate the greatest common divisor of 300 and 36.
12
Calculate the highest common factor of 506 and 550.
22
What is the greatest common factor of 198 and 22?
22
What is the highest common divisor of 16 and 1128?
8
What is the highest common factor of 5 and 445?
5
What is the highest common divisor of 8 and 3388?
4
Calculate the greatest common divisor of 2000 and 1100.
100
What is the greatest common divisor of 920 and 161?
23
What is the greatest common factor of 156 and 54?
6
What is the highest common divisor of 69 and 16238?
23
What is the highest common factor of 32 and 176?
16
What is the highest common divisor of 299 and 46?
23
What is the highest common divisor of 1648 and 16?
16
What is the greatest common factor of 84 and 12?
12
Calculate the highest common factor of 17204 and 1122.
374
Calculate the greatest common divisor of 11 and 3443.
11
Calculate the greatest common divisor of 17 and 510.
17
What is the greatest common factor of 195 and 30?
15
What is the highest common factor of 22 and 6358?
22
Calculate the highest common divisor of 25 and 600.
25
What is the greatest common divisor of 70 and 3500?
70
Calculate the highest common factor of 3589 and 111.
37
What is the greatest common divisor of 7 and 18844?
7
What is the highest common divisor of 103 and 824?
103
Calculate the greatest common factor of 40 and 5240.
40
What is the highest common divisor of 231 and 28?
7
What is the highest common factor of 14497 and 133?
133
What is the highest common divisor of 340 and 60?
20
Calculate the highest common factor of 5925 and 75.
75
Calculate the highest common divisor of 8352 and 12.
12
Calculate the greatest common factor of 481 and 37.
37
Calculate the greatest common divisor of 644 and 14.
14
What is the greatest common divisor of 2 and 163?
1
Calculate the greatest common factor of 497 and 284.
71
Calculate the greatest common factor of 453 and 23858.
151
What is the highest common divisor of 567 and 1053?
81
Calculate the greatest common divisor of 27 and 25947.
27
Calculate the highest common factor of 10 and 10.
10
What is the highest common divisor of 47 and 329?
47
What is the greatest common divisor of 102 and 24?
6
What is the highest common factor of 3408 and 639?
213
Calculate the greatest common divisor of 135 and 10.
5
What is the greatest common factor of 240 and 1890?
30
What is the greatest common fact